00100010 (base 2) to base 12.
-742
Convert -123300 (base 4) to base 12.
-1040
Convert -3124 (base 6) to base 4.
-22330
What is -9487 (base 13) in base 11?
-144a1
Convert 12311 (base 8) to base 13.
2564
What is -42a (base 14) in base 13?
-4b3
62aa (base 14) to base 15
508b
Convert -111001000011 (base 2) to base 3.
-12000020
1380 (base 11) to base 4
123312
Convert 30200 (base 4) to base 9.
1078
What is 10221022 (base 3) in base 13?
13ca
What is -7705 (base 11) in base 5?
-311134
2128 (base 13) to base 6
33141
Convert a37 (base 13) to base 2.
11011001000
What is -10e03 (base 15) in base 3?
-2201202210
What is 1101031 (base 4) in base 7?
21103
-26506 (base 10) to base 15
-7cc1
What is 1101110100000 (base 2) in base 9?
10627
319 (base 13) to base 11
441
1311 (base 10) to base 6
10023
What is -2823 (base 16) in base 7?
-41646
-6021 (base 11) to base 13
-3851
What is 1a353 (base 15) in base 6?
1454040
What is -21003 (base 7) in base 16?
-141c
-11a3 (base 14) to base 8
-6013
What is -2102330 (base 4) in base 5?
-300104
What is 1a23 (base 13) in base 6?
30044
Convert -245 (base 11) to base 6.
-1203
Convert 3335 (base 6) to base 12.
54b
1148 (base 14) to base 5
44004
ae (base 15) to base 5
1124
-1867 (base 13) to base 10
-3634
What is -305254 (base 6) in base 10?
-24514
What is -222010000 (base 3) in base 10?
-19035
Convert -12210 (base 3) to base 8.
-234
Convert 15555 (base 7) to base 14.
1865
What is bb7 (base 13) in base 5?
31014
-12334 (base 5) to base 6
-4253
What is -c83f (base 16) in base 11?
-35573
Convert 11110010010 (base 2) to base 7.
5436
2124342 (base 5) to base 14
d2b4
Convert -232111 (base 4) to base 3.
-11001211
Convert 1a72 (base 15) to base 12.
3398
Convert -1248 (base 15) to base 16.
-f35
Convert 9808 (base 14) to base 9.
40031
Convert -42140 (base 5) to base 9.
-3745
Convert -1068 (base 12) to base 2.
-11100010000
What is -274 (base 13) in base 5?
-3213
Convert 6c2b (base 14) to base 15.
58c0
What is d2 (base 15) in base 13?
122
-400503 (base 6) to base 7
-160134
Convert -7376 (base 8) to base 10.
-3838
Convert -a17 (base 15) to base 14.
-b84
20ba2 (base 12) to base 13
16865
What is -685 (base 16) in base 15?
-764
Convert 7774 (base 10) to base 2.
1111001011110
What is -8cd4 (base 14) in base 10?
-24490
What is 1421 (base 7) in base 3?
202112
What is 932 (base 16) in base 14?
c02
296 (base 15) to base 6
2423
What is 783 (base 12) in base 4?
101103
-16731 (base 14) to base 10
-56295
Convert -4327 (base 15) to base 10.
-14212
1883 (base 9) to base 3
1222210
Convert 1182 (base 9) to base 5.
12014
What is -12691 (base 10) in base 3?
-122102001
What is 4342 (base 15) in base 14?
528d
Convert 3414 (base 6) to base 5.
11202
What is -30302 (base 4) in base 3?
-1010022
What is -31355 (base 11) in base 14?
-12909
-1728 (base 11) to base 3
-10000210
7161 (base 14) to base 13
8b42
10000 (base 3) to base 6
213
Convert 337 (base 10) to base 8.
521
Convert 186 (base 12) to base 9.
303
Convert -8cd (base 16) to base 13.
-1044
-60320 (base 7) to base 8
-34347
What is 3210123 (base 4) in base 13?
6867
48365 (base 9) to base 8
77172
Convert -444 (base 15) to base 3.
-1022201
What is 101010100111 (base 2) in base 4?
222213
Convert -276b (base 12) to base 15.
-1532
-6958 (base 16) to base 15
-7ecd
47 (base 15) to base 14
4b
-23120 (base 4) to base 8
-1330
Convert 103442 (base 5) to base 7.
13363
Convert -395 (base 10) to base 9.
-478
Convert 77752 (base 8) to base 5.
2021441
24304 (base 6) to base 14
142c
-1443 (base 5) to base 12
-188
What is -7752 (base 12) in base 6?
-140542
Convert 133150 (base 6) to base 3.
121222110
What is 2042 (base 6) in base 5?
3313
Convert 101010110 (base 2) to base 14.
1a6
What is 284 (base 13) in base 2?
110111110
Convert 394 (base 10) to base 14.
202
Convert -1100010001 (base 2) to base 14.
-401
6ebc (base 16) to base 6
335124
What is -5111 (base 14) in base 7?
-55421
Convert 211221101 (base 3) to base 6.
205231
What is 839b (base 16) in base 11?
23349
What is 1111 (base 11) in base 15?
679
-517 (base 9) to base 10
-421
75466 (base 8) to base 3
1121021020
-720 (base 14) to base 8
-2570
-8dd (base 14) to base 6
-12055
Convert 9c78 (base 13) to base 11.
154aa
-849 (base 12) to base 16
-4b9
Convert -10000000111011100 (base 2) to base 8.
-200734
Convert 12121 (base 3) to base 10.
151
What is -2788 (base 10) in base 16?
-ae4
1213 (base 7) to base 15
201
10324 (base 5) to base 3
222110
295 (base 11) to base 8
532
What is 24f7 (base 16) in base 6?
111451
2426 (base 14) to base 9
8576
Convert 243003 (base 5) to base 3.
110112002
What is 134821 (base 9) in base 11?
56932
Convert 103 (base 9) to base 12.
70
Convert -332030 (base 4) to base 15.
-12a5
Convert 679 (base 11) to base 14.
420
What is 122001 (base 3) in base 4?
13030
Convert 23023332 (base 4) to base 6.
552050
Convert -1888 (base 12) to base 10.
-2984
2551 (base 11) to base 16
cfb
Convert 113131 (base 4) to base 16.
5dd
Convert -10020011 (base 3) to base 4.
-210301
What is -440 (base 8) in base 6?
-1200
What is -a8d (base 15) in base 16?
-94f
Convert -31303 (base 4) to base 5.
-12013
What is 13556 (base 9) in base 13?
4260
What is -1242421 (base 5) in base 6?
-310304
11a83 (base 13) to base 15
99a5
9bb (base 12) to base 9
1868
220121020 (base 3) to base 9
26536
What is 71d (base 14) in base 13?
838
Convert -432434 (base 5) to base 7.
-60662
22306 (base 8) to base 3
110220200
What is -14850 (base 9) in base 15?
-3030
What is -3c11 (base 14) in base 15?
-3219
-1212223 (base 4) to base 6
-50231
What is 31cb (base 16) in base 6?
135003
What is b483 (base 13) in base 4?
12011312
Convert 1276 (base 12) to base 10.
2106
Convert -875b (base 13) to base 8.
-44623
What is -b8b (base 14) in base 13?
-1064
Convert -560 (base 7) to base 12.
-1bb
-543 (base 6) to base 14
-10b
What is -3111 (base 7) in base 4?
-100332
What is 466 (base 9) in base 16?
180
1010010100101 (base 2) to base 5
132120
-1582 (base 9) to base 8
-2270
-1202241 (base 5) to base 9
-33402
Convert 1436 (base 7) to base 3.
202222
Convert 4453 (base 13) to base 2.
10010100111100
Convert 11321 (base 6) to base 13.
988
What is 50136 (base 7) in base 12?
6ba9
What is -bf6 (base 16) in base 15?
-d92
What is -2225 (base 6) in base 10?
-521
What is 21020 (base 3) in base 15?
d0
-5826 (base 15) to base 16
-4917
153310 (base 8) to base 12
279a0
1364 (base 10) to base 12
958
-23bb0 (base 12) to base 15
-e4ec
-739a (base 12) to base 9
-18311
4431 (base 6) to base 2
10000000011
861b (base 16) to base 6
422535
-101010110 (base 2) to base 14
-1a6
What is 100100110 (base 3) in base 15?
2046
Convert -4445 (base 11) to base 2.
-1011011100001
What is -2096 (base 10) in base 16?
-830
Convert 237 (base 15) to base 4.
13312
3115 (base 7) to base 2
10001000010
231122 (base 4) to base 3
10222122
9c87 (base 13) to base 10
21912
Convert -3037 (base 9) to base 8.
-4255
Convert -5105 (base 6) to base 3.
-1112112
Convert -1320102 (base 5) to base 7.
-136416
821 (base 14) to base 16
63d
What is 1934 (base 10) in base 11?
14a9
Convert -152 (base 7) to base 3.
-10012
Convert -52323 (base 6) to base 8.
-15573
315 (base 15) to base 14
379
Convert -9603 (base 11) to base 4.
-3012210
867 (base 9) to base 4
23011
Convert -8157 (base 9) to base 11.
-4533
1001010010000010 (base 2) to base 10
38018
314555 (base 7) to base 4
31103033
Convert -2275 (base 9) to base 13.
-9cb
9709 (base 16) to base 12
1a461
1378 (base 13) to base 7
11113
Convert 7241 (base 10) to base 11.
5493
Convert 242 (base 12) to base 13.
200
What is -15004 (base 10) in base 6?
-153244
Convert 1124 (base 13) to base 9.
3252
-10110110000011 (base 2) to base 12
-68ab
What is 428 (base 11) in base 13?
307
What is -130 (base 11) in base 6?
-414
What is 1001012221 (base 3) in base 11?
14502
78c (base 14) to base 9
2042
-5204 (base 6) to base 12
-804
Convert -1222 (base 12) to base 13.
-c11
Convert -270b (base 14) to base 12.
-3b87
-110021 (base 3) to base 5
-2311
What is 2212112 (base 3) in base 16?
82d
What is 444 (base 12) in base 13?
394
-2033442 (base 5) to base 10
-33622
Convert 1927 (base 15) to base 9.
7411
49909 (base 11) to base 12
35561
Convert -2c2 (base 14) to base 5.
-4222
Convert 312010 (base 4) to base 7.
13042
-13100 (base 4) to base 13
-299
Convert -1034a (base 11) to base 1